e the prime factors of 45990?
2, 3, 5, 7, 73
What are the prime factors of 2586?
2, 3, 431
What are the prime factors of 6429?
3, 2143
What are the prime factors of 8932?
2, 7, 11, 29
What are the prime factors of 9947?
7, 29
List the prime factors of 50552.
2, 71, 89
List the prime factors of 20364.
2, 3, 1697
List the prime factors of 2341.
2341
List the prime factors of 11154.
2, 3, 11, 13
List the prime factors of 3686.
2, 19, 97
List the prime factors of 4878.
2, 3, 271
List the prime factors of 928.
2, 29
What are the prime factors of 234?
2, 3, 13
List the prime factors of 2577.
3, 859
List the prime factors of 779.
19, 41
What are the prime factors of 76408?
2, 9551
List the prime factors of 2174.
2, 1087
List the prime factors of 5241.
3, 1747
What are the prime factors of 995?
5, 199
List the prime factors of 8195.
5, 11, 149
List the prime factors of 3377.
11, 307
List the prime factors of 153215.
5, 30643
List the prime factors of 29573.
29573
What are the prime factors of 1076?
2, 269
What are the prime factors of 3174?
2, 3, 23
List the prime factors of 131133.
3, 43711
List the prime factors of 7967.
31, 257
List the prime factors of 13335.
3, 5, 7, 127
What are the prime factors of 8679?
3, 11, 263
List the prime factors of 30581.
53, 577
List the prime factors of 3026.
2, 17, 89
What are the prime factors of 4562?
2, 2281
What are the prime factors of 3873?
3, 1291
What are the prime factors of 1953?
3, 7, 31
What are the prime factors of 40552?
2, 37, 137
List the prime factors of 142237.
142237
List the prime factors of 11494.
2, 7, 821
What are the prime factors of 13101?
3, 11, 397
List the prime factors of 2886.
2, 3, 13, 37
List the prime factors of 1083.
3, 19
List the prime factors of 809.
809
What are the prime factors of 1125?
3, 5
List the prime factors of 44131.
44131
What are the prime factors of 27697?
27697
List the prime factors of 79461.
3, 109
List the prime factors of 2184.
2, 3, 7, 13
List the prime factors of 5329.
73
What are the prime factors of 54819?
3, 6091
What are the prime factors of 25872?
2, 3, 7, 11
List the prime factors of 355.
5, 71
What are the prime factors of 1798?
2, 29, 31
What are the prime factors of 2055?
3, 5, 137
List the prime factors of 26725.
5, 1069
List the prime factors of 7643.
7643
List the prime factors of 278.
2, 139
What are the prime factors of 129781?
233, 557
What are the prime factors of 14900?
2, 5, 149
What are the prime factors of 595?
5, 7, 17
What are the prime factors of 2361?
3, 787
List the prime factors of 5475.
3, 5, 73
List the prime factors of 4300.
2, 5, 43
What are the prime factors of 671?
11, 61
List the prime factors of 49671.
3, 5519
List the prime factors of 188.
2, 47
What are the prime factors of 25510?
2, 5, 2551
What are the prime factors of 120?
2, 3, 5
List the prime factors of 58634.
2, 19, 1543
List the prime factors of 5755.
5, 1151
What are the prime factors of 8014?
2, 4007
What are the prime factors of 113289?
3, 11, 3433
List the prime factors of 155400.
2, 3, 5, 7, 37
What are the prime factors of 4014?
2, 3, 223
List the prime factors of 1078.
2, 7, 11
List the prime factors of 18.
2, 3
What are the prime factors of 4426?
2, 2213
List the prime factors of 1070.
2, 5, 107
What are the prime factors of 32035?
5, 43, 149
List the prime factors of 1543.
1543
What are the prime factors of 2379?
3, 13, 61
What are the prime factors of 12301?
12301
List the prime factors of 331.
331
What are the prime factors of 15890?
2, 5, 7, 227
List the prime factors of 5120.
2, 5
List the prime factors of 4715.
5, 23, 41
List the prime factors of 110.
2, 5, 11
List the prime factors of 834.
2, 3, 139
What are the prime factors of 14069?
11, 1279
List the prime factors of 16902.
2, 3, 313
List the prime factors of 1523.
1523
What are the prime factors of 7482?
2, 3, 29, 43
List the prime factors of 1461.
3, 487
What are the prime factors of 3463?
3463
What are the prime factors of 646?
2, 17, 19
What are the prime factors of 832?
2, 13
List the prime factors of 3536.
2, 13, 17
List the prime factors of 848.
2, 53
List the prime factors of 35815.
5, 13, 19, 29
List the prime factors of 45584.
2, 7, 11, 37
What are the prime factors of 14422?
2, 7211
List the prime factors of 116936.
2, 47, 311
What are the prime factors of 9916?
2, 37, 67
List the prime factors of 427.
7, 61
What are the prime factors of 56330?
2, 5, 43, 131
What are the prime factors of 12822?
2, 3, 2137
What are the prime factors of 2329?
17, 137
What are the prime factors of 74238?
2, 3, 12373
What are the prime factors of 33847?
11, 17, 181
List the prime factors of 32766.
2, 3, 43, 127
List the prime factors of 10219.
11, 929
What are the prime factors of 97750?
2, 5, 17, 23
List the prime factors of 6860.
2, 5, 7
What are the prime factors of 52178?
2, 7, 3727
What are the prime factors of 25652?
2, 11, 53
What are the prime factors of 42956?
2, 10739
List the prime factors of 23280.
2, 3, 5, 97
List the prime factors of 1016.
2, 127
List the prime factors of 1651.
13, 127
What are the prime factors of 1460?
2, 5, 73
List the prime factors of 51464.
2, 7, 919
List the prime factors of 33600.
2, 3, 5, 7
List the prime factors of 48372.
2, 3, 29, 139
List the prime factors of 5040.
2, 3, 5, 7
List the prime factors of 21947.
17, 1291
List the prime factors of 1830.
2, 3, 5, 61
List the prime factors of 828.
2, 3, 23
List the prime factors of 47.
47
List the prime factors of 88485.
3, 5, 17, 347
List the prime factors of 42771.
3, 53, 269
What are the prime factors of 4456?
2, 557
List the prime factors of 3334.
2, 1667
What are the prime factors of 47844?
2, 3, 443
List the prime factors of 200943.
3, 83, 269
What are the prime factors of 6675?
3, 5, 89
What are the prime factors of 74539?
131, 569
List the prime factors of 308.
2, 7, 11
What are the prime factors of 72645?
3, 5, 29, 167
List the prime factors of 968.
2, 11
What are the prime factors of 10690?
2, 5, 1069
What are the prime factors of 34847?
34847
What are the prime factors of 965?
5, 193
What are the prime factors of 3706?
2, 17, 109
What are the prime factors of 14042?
2, 7, 17, 59
What are the prime factors of 5484?
2, 3, 457
What are the prime factors of 90?
2, 3, 5
List the prime factors of 469.
7, 67
What are the prime factors of 5209?
5209
List the prime factors of 22536.
2, 3, 313
What are the prime factors of 65504?
2, 23, 89
List the prime factors of 738.
2, 3, 41
What are the prime factors of 718?
2, 359
List the prime factors of 448.
2, 7
List the prime factors of 868.
2, 7, 31
List the prime factors of 53774.
2, 7, 23, 167
List the prime factors of 60463.
13, 4651
List the prime factors of 112645.
5, 13, 1733
What are the prime factors of 16675?
5, 23, 29
List the prime factors of 4073.
4073
What are the prime factors of 4242?
2, 3, 7, 101
List the prime factors of 41122.
2, 29, 709
List the prime factors of 548.
2, 137
List the prime factors of 2915.
5, 11, 53
List the prime factors of 556.
2, 139
List the prime factors of 2465.
5, 17, 29
List the prime factors of 572.
2, 11, 13
What are the prime factors of 26846?
2, 31, 433
List the prime factors of 93606.
2, 3, 15601
What are the prime factors of 1916?
2, 479
What are the prime factors of 108?
2, 3
List the prime factors of 766.
2, 383
List the prime factors of 3469.
3469
What are the prime factors of 28922?
2, 14461
What are the prime factors of 13428?
2, 3, 373
What are the prime factors of 1314?
2, 3, 73
What are the prime factors of 1965?
3, 5, 131
List the prime factors of 23287.
11, 29, 73
What are the prime factors of 979?
11, 89
What are the prime factors of 12701?
13, 977
List the prime factors of 3951.
3, 439
List the prime factors of 4059.
3, 11, 41
What are the prime factors of 4728?
2, 3, 197
List the prime factors of 1123.
1123
What are the prime factors of 1694?
2, 7, 11
List the prime factors of 1780.
2, 5, 89
List the prime factors of 15703.
41, 383
What are the prime factors of 23128?
2, 7, 59
What are the prime factors of 234?
2, 3, 13
What are the prime factors of 277?
277
What are the prime factors of 2550?
2, 3, 5, 17
List the prime factors of 9880.
2, 5, 13, 19
List the prime factors of 732.
2, 3, 61
What are the prime facto